1 - (-14 - -18)?
5
Evaluate 4 + (-8 - -4) - (-2 - -7).
-5
13 - (0 + 1) - (-213 - -217)
8
What is (-1 - 1 - (7 + -1)) + 4?
-4
What is (-18 - -12) + -2 - (-4 - 0)?
-4
What is the value of 9 + -7 + (-3 + 5 - -4)?
8
What is (-9 - -3) + (-8 - -8) + 0?
-6
What is 5 - ((-14 - -4) + 6 - -14)?
-5
What is the value of 3 + -2 + 0 + 1 + -2?
0
What is -8 + 1 - (-10 + (1 - -5))?
-3
What is the value of 3 + 1 + (12 - 17)?
-1
Calculate 2 - (1 - 1 - (-14 + 10)).
-2
Evaluate 0 - (5 - (7 - (8 + -3))).
-3
Calculate (-5 - -1) + -6 + 11 + 4.
5
Calculate -4 - (4 + -14 - -4) - 5.
-3
Evaluate 4 - (0 + 3 - -1).
0
Calculate 6 + (-9 - (-4 - 1)).
2
Calculate 4 - (-4 - -14) - -1.
-5
Evaluate -2 + (0 - (-7 - (-11 + 4))).
-2
Calculate 0 + -1 - (-7 + 4).
2
(3 - -2) + -1 - (22 + -14)
-4
What is -7 - (4 + -7) - 6?
-10
What is -1 - (-3 + -8 + 5)?
5
Calculate 4 - (-2 - 4 - -12).
-2
Evaluate 1 - (-4 - -3) - 2.
0
What is 1 + -1 - (3 + -5 + 6)?
-4
What is 13 + (-15 - 1) - (0 + 0)?
-3
Evaluate -11 + 14 - (0 + 3).
0
(-4 - 1) + (-1 - 0 - -4)
-2
What is (-2 + 7 - (1 - 3)) + -2?
5
What is 5 - (2 - (0 - 5))?
-2
What is 187 - 202 - (-1 + -6)?
-8
What is (-2 - -3) + 1 + 1 + -2?
1
Calculate -8 + -3 + (-5 - -11).
-5
What is the value of (2 - 3) + 2 + -4 + 4?
1
What is the value of (4 - (-5 - -11 - 14)) + -7?
5
-71 + 76 + (-2 - (-1 - -1))
3
What is the value of -3 - -7 - (8 + -8)?
4
-3 + -1 + (6 - 0)
2
What is (2 - (2 - -1)) + -4 + 3?
-2
What is (6 - (8 + 4)) + 5?
-1
What is the value of -4 + 0 + 37 + -37?
-4
0 + -1 - (4 - (-1 - -6))
0
Evaluate -2 + (-2 - 2 - (2 + -10)).
2
Calculate (7 - (-2 + 5)) + 0.
4
Evaluate (10 - (-10 + 15)) + 2.
7
What is the value of -4 + (-21 + 21 - (-1 + 2))?
-5
Evaluate -6 + 6 - (0 - -7) - -2.
-5
Evaluate (1 - (-2 + 5)) + (1 - -1).
0
Evaluate -2 - (2 - 2) - 1.
-3
What is -6 - ((1 - -4) + -6)?
-5
Calculate 9 + -3 + 1 - 2.
5
Calculate -10 + 6 + 5 - 6.
-5
What is 10 + (1 - (-13 + 19))?
5
What is (2 - 10 - -9) + 2?
3
Evaluate -4 - -1 - (-9 + 6 - -1).
-1
-17 + 21 + -4 + 0
0
Evaluate 5 + (11 - (20 - 3)).
-1
What is the value of (5 - (-7 + 4 + 7)) + -5?
-4
What is the value of -1 - (-6 - 0) - (2 - 0)?
3
Calculate 3 + (-5 - -3) - (22 + -17).
-4
What is the value of (3 - 0) + (-8 - -7) - 8?
-6
Evaluate -6 - (11 - 6 - 5) - -3.
-3
Calculate 8 + 1 + (-17 - -12).
4
What is (-6 - -8) + -3 + (6 - 2)?
3
(-14 - (-15 + 7)) + 4
-2
What is -8 + (13 - (-10 + 16))?
-1
What is the value of -1 - (-6 - (-2 + -1))?
2
What is -2 + 1 + 3 + -6 + 3?
-1
Calculate -13 - (-9 + (-1 - -5)).
-8
Calculate 0 + 1 + 2 + 2.
5
3 + -4 - (-3 + 1 - -4)
-3
3 + (-3 - 6) + (10 - 0)
4
What is the value of 8 - (14 + -7) - (-3 - 1)?
5
What is the value of -34 + 33 - (2 + 1)?
-4
What is the value of -3 + -6 - (-24 - -13)?
2
2 + -2 - (-4 - 0 - -3)
1
3 - (7 + (4 - 8))
0
3 + 2 - 14 - -3
-6
Evaluate (-2 + 6 - 2) + (3 - 7).
-2
Evaluate -1 - ((2 - -5) + -2 - 0).
-6
What is 14 - 5 - 33 - -13?
-11
8 + -2 + -5 + -2 + 3
2
13 + -10 - (1 - 1)
3
Calculate -4 - (2 + (8 + -2 - 15)).
3
Evaluate 1 - (0 - ((0 - 2) + 6)).
5
What is 0 + 1 + -1 + (96 - 89)?
7
(-2 + 15 - 3) + -4 + -1
5
(-1 + 2 + 2 - 2) + 0
1
Evaluate -3 - (-3 + (4 - 5)).
1
Calculate 6 + 3 - (0 + 4).
5
What is 1 + (-3 - (2 + -1))?
-3
Evaluate (-1 + -1 - (-3 + 3)) + 0.
-2
-5 + 12 + -10 + 4
1
What is 0 - -4 - (2 - -4)?
-2
What is (-1 + 8 - 11) + 4 + -1?
-1
Evaluate (15 - 16) + (0 + 0 - -4).
3
What is -3 + -9 + 30 + -9?
9
What is 1 - (3 + -1 - 4)?
3
3 + (3 - 4) + -3
-1
2 + 4 - (32 + -23)
-3
What is 5 + (-4 - (-6 + 3))?
4
What is 2 + (-10 + 5 - 2)?
-5
What is (-7 + -2 - (5 + -10)) + 1?
-3
Evaluate -9 + 8 + 1 + -2 + -1.
-3
What is the value of 2 + -3 - (-3 - (7 + -16))?
-7
What is the value of 2 + -2 + (5 - -3) + -2?
6
What is -2 - (-2 - -6 - 4 - 2)?
0
What is 2 + (-2 - -3) - 4?
-1
Evaluate 114 + -108 - (0 + -1).
7
What is (-3 - (-3 + -1)) + -1?
0
What is the value of (3 - 6) + -4 + 11 - 7?
-3
Calculate 1 + (-5 + 5 - -4) - 4.
1
0 - (-5 + 3 + -4 - 2)
8
Evaluate 3 + 1 + 1 + -7.
-2
Evaluate ((0 - 6) + 5 - -1) + 5.
5
What is 0 + 0 + 15 + (-1 - 19)?
-5
What is the value of -2 + -6 + 2 - -4?
-2
What is the value of -1 + -10 + 5 + (2 - 2)?
-6
Calculate 0 + -3 + 8 + -5.
0
4 + -4 - -3 - -1
4
Evaluate -1 - 3 - (2 + 0 - 3).
-3
Evaluate (-12 - -8) + (3 - 4) - 0.
-5
-3 + 1 + 4 - (-2 - 0)
4
What is the value of 10 - -2 - (157 + -135)?
-10
8 - (-4 + (25 - 7))
-6
What is 11 + (6 + -2 + 1 - 5)?
11
What is the value of 10 - (-11 + 16 - 2)?
7
(2 - 5) + (-36 - -35)
-4
What is -5 - (5 + -11 - (1 + 5))?
7
Calculate 7 - (-2 - (-4 + 1) - -2).
4
Evaluate -1 + -3 - (-4 + 3).
-3
What is 1 + 7 + (-1 - 4) + -4?
-1
-2 + -1 + 5 - 4
-2
What is the value of -5 - (2 + 4) - (0 - 6)?
-5
(2 - (-2 - -12)) + (-127 - -125)
-10
3 + 1 - (40 + -42)
6
What is the value of -2 + -3 + 7 - (-1 + 1)?
2
Evaluate (-6 - -1) + 2 + -2.
-5
What is -12 + -2 + 3 + 1 + 4?
-6
Evaluate -6 + (-3 - (-1 + -2)) - -7.
1
What is 6 + 10 + -7 + -2?
7
What is the value of 0 + 0 + (-6 - (-3 - -1))?
-4
-94 - -91 - ((6 - 2) + 2)
-9
Calculate 2 + 8 + -2 + -3 + 1.
6
What is the value of 1 + 6 + -6 + 1?
2
Calculate -6 + 3 - (-2 + 1 - -3).
-5
Evaluate (-6 - -3) + 3 + 3.
3
Calculate (3 - 4 - -2) + 1 + 3.
5
(-2 - (-2 - -4)) + 9
5
Evaluate -1 + 2 + -8 + 2.
-5
Calculate (-1 - (-2 - 1)) + 0.
2
Evaluate (10 + -5 - (3 - -1)) + -1.
0
Evaluate 5 - (-2 + -1 + 3) - 1.
4
What is (-2 - -1) + (-12 + 7 - -1)?
-5
(-9 - -14 - -10) + 1 + -6
10
Evaluate 11 - -9 - (2 + 9).
9
6 + -2 + (-6 - -4)
2
Evaluate -2 - (5 + -4 - 6) - -1.
4
(5 - -1) + -11 - 0
-5
Evaluate 3 - 3 - (-2 + 0 - -3).
-1
Calculate -3 + -4 + (-1 - -2).
-6
What is the value of -9 + 2 - (-9 + 6)?
-4
What is 4 - (2 - -1) - 0 - 2?
-1
Evaluate 4 - 18 - -7 - -7.
0
Calculate 1 + (8 - -5) - 16.
-2
Evaluate (-2 - (-1 + (3 - -2))) + 5.
-1
What is 5 - (0 + -4 + 9 + -1)?
1
-140 + 139 - (4 + 0 + 0)
-5
Calculate (-4 - 0) + 1 + 7.
4
What is 0 + 3 + (2 - 2)?
3
Evaluate 69 + -72 - (2 + 0).
-5
Evaluate -3 + 1 + (2 - 1 - -1).
0
Calculate 0 + -3 + (-6 - (-16 - -6)).
1
Calculate -4 - (3 - -6 - 13).
0
What is (-5 - -16) + -11 + 5?
5
Calculate (2 + -2 - -5) + -3.
2
What is the value of 9 + -14 + 13 + -8?
0
What is -1 + 7 + -3 + 7 + -5?
5
-2 + (-2 - (3 - 6)) + -1
-2
What is (0 - -1) + (-8 - 1 - -15)?
7
Evaluate 0 - 2 - (10 + -13) - 4.
-3
1 + -7 + 5 + 2
1
2 + -2 + -1 + -1
-2
2 - (3 + -1) - (-30 - -29)
1
Evaluate -1 + -10 + (61 - 52).
-2
3 + -1 + (-31 - -5 - -18)
-6
Calculate -3 + (8 - 2 - 3) - 3.
-3
Evaluate 9 + -22 + 9 + (3 - 1).
-2
Evaluate 0 + -1 + (7 - 4 - 3).
-1
24 + -10 + -6 + (-2 - 2)
4
What is 1 - (0 + 1 + 7 + -10)?
3
Calculate -64 - -66 - (4 - -2).
-4
Evaluate -1 + -8 - (17 + -19).
-7
Evaluate -113 + 116 - ((-1 - 0) + -1).
5
(2 - 1) + (-53 - -52)
0
Calculate (6 + -9 - -5) + 3.
5
(-14 + 5 - -3) + -2 + 0
-8
0 + -1 + 5 + -9 + 5
0
Calculate -10 - (-13 + -5 + 13).
-5
What is the value of (0 - -4) + (-58 - -55)?
1
What is the value of (-6 - -2 - -2 - -6) + 1?
5
What is -1 + 2 - (-11 - -14)?
-2
Evaluate (6 - 4) + 8 - 1.
9
Evaluate 27 - 20 - (13 + 1).
-7
-3 + (-5 - -4) + 4
0
What is 3 + -5 - 1 - -2 - -6?
5
What is -3 - (-8 + 6 + 5)?
-6
Evaluate -2 + -3 + 3 + -5 + 2.
-5
What is the value of (-1 - (0 - 5)) + 0 + 1?
5
12 + (-2 - 3 - -1)
8
What is (-1 - 0) + (-2 - (4 - 5))?
-2
What is the value of -1 - (9 + (-3 - 4 - -3))?
-6
-17 + (20 - 13) - -1
-9
Calculate (-4 - -4) + (-2 - 3).
-5
Evaluate (-3 - 1) + 2 + -2 + -2.
-6
Evaluate 1 - ((-2 - 4) + 4) - 1.
2
What is 1 - -4 - 14 - -6 - 2?
-5
Evaluate 7 + -15 - (-8 + 1).
-1
What is 5 + (-4 - -3) - 4?
0
What is the value of 11 - 7 - (3 + -4)?
5
Evaluate -6 - -3 - 0 - -2.
-1
Evaluate (1 - 6) + 12 + -13 + 11.
5
Evaluate (1 - -1) + (16 - 19).
-1
(3 - 2) + -21 + 23
3
What is the value of (-6 - 0 - (1 + -1)) + 2?
-4
Evaluate (-2 - 2) + 1 + 0.
-3
What is the value of 5 + (4 - -3) + -18?
-6
What is 8 + -7 + 5 + -5 + 3?
4
Calculate 15 + -11 - (4 - 5).
5
Calculate 9 + -18 - (9 - 12).
-6
What is the value of (1 - -2) + (4 - (-8 + 12))?
3
(10 + -19 - -3) + (2 - 4)
-8
Calculate 2 + 3 + 4 + -3 - 6.
0
Calculate 53 - 44 - (-1 - -7) - 9.
-6
What is the value of 9 + -7 + -1 + (3 - 1)?
3
(8 - 4 - 9) + -3
-8
Evaluate 4 + -9 + -1 + 4.
-2
1 - (-2 - (-2 + 1) - -3)
-1
Calculate -2 + -5 - (-81 - -73).
1
What is -1 + (0 - (2 + 1))?
-4
Calculate -1 - (-5 + 3 + 1).
0
Calculate (10 - 13 - -2) + 0.
-1
2 + -6 - (-6 + 